= 5*i. Suppose s - y = 23. List the prime factors of s.
47
Let g(r) = 68*r + 20. Let v(p) = 23*p + 7. Let i(n) = 6*g(n) - 17*v(n). Let m be i(1). Let y = m + -3. What are the prime factors of y?
3, 5
Suppose -4*l = n - 179, n + 2*n + 4*l - 545 = 0. Let q = n + -109. What are the prime factors of q?
2, 37
Let i = -8 + 8. Suppose 5*j - 2*j - 6 = i. Suppose -5*f + 0 + 145 = 4*p, -j*p + 71 = 3*f. List the prime factors of p.
2, 5
Suppose 4*y - 7 = 5. Suppose -12 = -0*x - 3*x + 3*p, -2*p - 9 = -x. Let s = y + x. List the prime factors of s.
2
What are the prime factors of ((-714)/(-85))/(12/2720)?
2, 7, 17
Let q = -12 - -16. Let j be q/((-4)/(-1 + -3)). List the prime factors of (j/(-10))/((-1)/30).
2, 3
Suppose 57 = -4*g + 13. Let u = g - -8. Let i(h) = -9*h + 1. What are the prime factors of i(u)?
2, 7
Let d be 0/(-4 + 2 - -1). Suppose -5*w - 25 = d, -3*c + 6*w + 355 = w. Suppose i + 15 = q, 5*q + 31 = 4*i + c. What are the prime factors of q?
19
Suppose -66 = 5*n - 11. Let w = -8 - n. Suppose 0*t = 2*g + 4*t - 60, 0 = w*g - 2*t - 58. List the prime factors of g.
2, 11
Suppose -5*k + 19 = -6. Suppose -d = -181 - k. List the prime factors of d.
2, 3, 31
Suppose -2*j + 10 = 3*j. Let v be 1*(8/j - -39). Let m = -9 + v. What are the prime factors of m?
2, 17
Suppose 5*d + 1 = 16. Suppose 4*u = d*u + 77. List the prime factors of u.
7, 11
Suppose -2*t - 2*y + 1530 = -6*y, 3825 = 5*t + 4*y. What are the prime factors of t?
3, 5, 17
Let p(h) be the third derivative of h**2 + 2/3*h**3 + 0*h + 1/60*h**5 + 0 - 1/12*h**4. List the prime factors of p(5).
19
Let b(y) = -65*y - 40. What are the prime factors of b(-11)?
3, 5
Let p(o) = o**3 - o + 1. Let i be p(1). List the prime factors of -32 + 28 + (154 - i).
149
Suppose -o - 2*o + 15 = 0, s = -2*o + 72. List the prime factors of s.
2, 31
Let s(a) = 20*a**3 - 14*a**2 - a + 23. Let t(o) = 7*o**3 - 5*o**2 + 8. Let j(h) = 6*s(h) - 17*t(h). What are the prime factors of j(4)?
2, 29
Let o be -1 + (-7)/(-2*(-4)/(-8)). Suppose -101 = -2*g + o*m - 3*m, 241 = 5*g + 4*m. List the prime factors of g.
7
Let o(w) = 13*w - 8. Let z = -9 + 14. List the prime factors of o(z).
3, 19
Let t be 831/18 + ((-33)/(-18) - 2). Suppose 0 = 2*f + f + 66. Let y = t + f. What are the prime factors of y?
2, 3
List the prime factors of 194/(-1 - (-1)/(15/20)).
2, 3, 97
Suppose 2*u + 5*t + 3 = 0, 4*t = -0*u + 5*u - 42. What are the prime factors of (u + 112/(-20))/((-1)/(-90))?
2, 3
Let y be (-39)/15 + (1 - (-7)/(-5)). What are the prime factors of (-1)/((4/38)/(1 + y))?
19
Let b(k) = -30*k - 2. Let g(c) = -c + 1. Let u(n) = b(n) - g(n). Let m be u(-7). Suppose 3*v - 8*v = -m. What are the prime factors of v?
2, 5
Let o be ((-3)/(3/(-158)))/((-5)/(-10)). Suppose 4 = 4*n, 3*n - 4*n + o = 5*a. List the prime factors of a.
3, 7
Suppose -2*x = x + 45. Let q(i) = 8*i - 15. Let m be q(-4). Let j = x - m. List the prime factors of j.
2
Suppose -4*c = -4*m - 1302 - 1406, 0 = -5*c - 2*m + 3371. List the prime factors of c.
3, 5
Let c(m) be the third derivative of -m**6/30 - m**5/60 + m**4/8 + m**3/6 - m**2. Suppose 2*k + 12 = -4*k. What are the prime factors of c(k)?
23
Let c be (-1 + -2)*(-14 + 13). Let j(l) = -95*l - 2. Let f be j(-2). Suppose 5*q - 3*t - f = 0, c*q = -q + 5*t + 153. List the prime factors of q.
37
Let j(a) = -2*a - 26. Let r be j(-13). Suppose 3*z - 4 - 2 = r. Suppose -z*n + 4*m + 86 = 0, -5*n + 96 = 5*m - 134. What are the prime factors of n?
3, 5
Let u be (-8)/(40/(-23)) - 4/(-10). Suppose 0 = j + u*b - 49, 89 = -j + 2*j - 3*b. List the prime factors of j.
2, 37
Let m = 365 - 620. Let h = -174 - m. What are the prime factors of h?
3
Suppose 7 = x + 4. Suppose 2*u - 64 = x*i - 6*i, 0 = i. What are the prime factors of u?
2
Suppose 0 = -5*v + 5, -4*j + 3*j - 4*v = -4. Suppose j = k - 3 - 16. List the prime factors of k.
19
Let r be 72 + 0/((-4*1)/(-4)). Let y = 21 + r. What are the prime factors of y?
3, 31
Suppose -2*f + 4*w = -2050, -5*w + 5604 = 5*f + 449. What are the prime factors of f?
3, 7
Let q(i) = 21*i**2 + i + 2. Let l be 1/(-9) - 2/(-18). Suppose -3*c = 3 - l. List the prime factors of q(c).
2, 11
Let m(i) = 2*i + 5. Let c(k) = -k - 5. Let d(x) = -3*c(x) - 2*m(x). Let y be d(-5). Let l = 17 - y. What are the prime factors of l?
7
Let n(i) = 508*i**2 - 8*i + 6. Let h be n(2). List the prime factors of (-2)/6 - (h/(-18) - 0).
2, 7
Suppose -4*l = -2*w - 7500, -5834 = -5*l + 4*w + 3535. List the prime factors of l.
1877
Suppose 5*v - 7 = 38. Let h = 22 + v. List the prime factors of h.
31
Let h be ((-4)/(-3))/(2/9). Let x be (-1)/h + 3196/24. Let o = -92 + x. What are the prime factors of o?
41
Suppose -5*g = y - 309, 3*g - 4*y = -3*y + 179. Let d = -25 + -9. Let q = g + d. List the prime factors of q.
3
Let m(s) = s**2 - 8*s + 6. Let q be m(7). List the prime factors of 57 + ((-8)/2)/q.
61
Let t(j) = 2*j + 23. Suppose 2*i = -3*o - 35, 3*o + 3*i = 2*o - 7. Let k be 0/(-1)*o/(-26). What are the prime factors of t(k)?
23
Let o = -1366 - -2128. What are the prime factors of o?
2, 3, 127
Suppose -2 + 3 = d. Let w be d/(2/(-2))*-3. Suppose 0*z + 36 = w*z. List the prime factors of z.
2, 3
Let b(v) = v**3 + 14*v**2 - 14*v + 17. Let i be b(-15). Let f be (i/4)/((-4)/(-688)). Suppose 0 = -p - p + f. List the prime factors of p.
43
Suppose -q + 4*q + 6 = 3*k, 5*q - 30 = -5*k. Suppose -k*h = h. Suppose -5*f + 167 - 57 = h. List the prime factors of f.
2, 11
Let z = 658 + -216. What are the prime factors of z?
2, 13, 17
Let z = 30 + -29. Let t be (-1 + 5)/(-4) + z. Suppose t = 5*d + 3 - 13. What are the prime factors of d?
2
Suppose 3*w = -3*y + 5*y - 23, 5*y - 2*w - 30 = 0. Suppose -4*d - 2*u + 22 = 0, -4*u + 0 + y = 0. Suppose d*q - 50 = -0*q. What are the prime factors of q?
2, 5
Let i(z) = -32*z + 43. Let w be i(4). Let k = w - -163. List the prime factors of k.
2, 3, 13
Let h(x) = -42*x - 218. What are the prime factors of h(-15)?
2, 103
Let g(w) = -2*w**3 - 16*w**2 - w + 8. Let x be g(-8). List the prime factors of x/56 + (-94)/(-14).
7
Let a(r) = -2*r**2 - r - 8. Let b be a(-8). Let u = 201 + b. List the prime factors of u.
73
Let i(q) be the first derivative of 5 + 2*q + 5/3*q**3 - 5/2*q**2. What are the prime factors of i(3)?
2
Let f(p) = 26*p**2 + 3*p + 10. Suppose 321*m - 15 = 316*m. List the prime factors of f(m).
11, 23
Let u be 1*(-2 + 5)*1. Suppose 7*r - u*r - 2*m = 144, -4*m = 5*r - 180. Let z = r - 16. List the prime factors of z.
2, 5
Let w(l) = -l. Let b be w(6). Let z(n) be the first derivative of n**3/3 - n**2/2 - 13*n - 145. List the prime factors of z(b).
29
Suppose -p - 4 = -5*p. Let l(y) = y**3 - y**2 + y - 1. Let m be l(p). Suppose m = -3*u + 105 - 6. List the prime factors of u.
3, 11
Let o = -46 - -51. Suppose 0 = 3*r - o*r + 402. List the prime factors of r.
3, 67
Let o(b) = 54*b - 74. List the prime factors of o(14).
2, 11, 31
Let p(l) = -l**3 + 5*l**2 - l + 7. Let g be p(5). Suppose d + 516 = 3*f, -g*f + 330 = -0*f + 4*d. What are the prime factors of f?
3, 19
Suppose 0 = -h + 5*h - 16, 2*h - 1050 = -f. List the prime factors of f.
2, 521
Let b = -13 + 40. Let v = b - 24. Suppose 2*a = -v*t + 12, -3*t = 2*a + 3*a - 3. What are the prime factors of t?
2, 3
Let m(w) = -w**3 + 4*w**2 + 3. Let q be m(3). List the prime factors of q/(-2 - 33/(-12)).
2
Let q = -413 + 696. List the prime factors of q.
283
Let h = -12 - -16. Suppose 9*t + h*a = 4*t + 11, -5*t - 9 = -a. List the prime factors of 41/3 + t/(-3).
2, 7
Let h = 15 + -12. Suppose h*n - 7*n + 16 = 0. Suppose -b = b - n. What are the prime factors of b?
2
Suppose l = -l - 0*l. Let c(y) = y**2 - 2*y + 103. List the prime factors of c(l).
103
Suppose c + 3*a = 632, -2*a + 662 = c - 5*a. List the prime factors of c.
647
Let c(h) = 26*h**2 - 3*h + 3. Let b be c(-3). Suppose -q + 270 = 2*a, 2*a + 0*a - 5*q - b = 0. List the prime factors of a.
7, 19
Let g(t) = 28*t**2 - 2*t - 1. List the prime factors of g(1).
5
List the prime factors of 3134 - (-90)/(-105)*7*-1.
2, 5, 157
Suppose h = -m, 4*m - 2 = -h + 4. Suppose 294 = -3*k + 10*k. Suppose -m*q + k = q. What are the prime factors of q?
2, 7
Let m = 699 - -91. List the prime factors of m.
2, 5, 79
Let y = 471 + -274. Let r = y + -83. What are the prime factors of r?
2, 3, 19
Suppose 0 = l - 2 + 18. Let